of 608900268?
2, 3, 37, 1371397
What are the prime factors of 368190786?
2, 3, 29, 2116039
What are the prime factors of 143610897?
3, 47, 59, 61, 283
List the prime factors of 55203986.
2, 27601993
List the prime factors of 463734295.
5, 773, 119983
What are the prime factors of 12491000?
2, 5, 12491
What are the prime factors of 3796307639?
28649, 132511
What are the prime factors of 560577416?
2, 7, 10010311
List the prime factors of 20875616.
2, 59, 11057
What are the prime factors of 3696395682?
2, 3, 7, 37, 2378633
What are the prime factors of 668890060?
2, 5, 19, 163, 10799
List the prime factors of 150995103.
3, 7, 7190243
What are the prime factors of 113991275?
5, 41, 111211
List the prime factors of 617804944.
2, 38612809
What are the prime factors of 13278907?
61, 217687
List the prime factors of 94174813.
94174813
What are the prime factors of 12320695?
5, 419, 5881
What are the prime factors of 83763894?
2, 3, 19, 734771
List the prime factors of 350594014.
2, 23, 7621609
What are the prime factors of 73349640?
2, 3, 5, 7, 13, 2239
List the prime factors of 465049270.
2, 5, 7, 1609, 4129
List the prime factors of 641833351.
17, 43, 878021
List the prime factors of 1293442604.
2, 59, 5480689
List the prime factors of 508210952.
2, 63526369
List the prime factors of 1243779613.
31, 40121923
What are the prime factors of 78057589?
29, 2691641
List the prime factors of 1690362224.
2, 17, 191, 32537
List the prime factors of 54018226.
2, 83, 325411
List the prime factors of 2661967076.
2, 1721, 386689
What are the prime factors of 46309518?
2, 3, 83, 139, 223
List the prime factors of 16517779.
577, 28627
List the prime factors of 576418201.
17, 89, 380977
List the prime factors of 2524235499.
3, 280470611
What are the prime factors of 1951578742?
2, 975789371
What are the prime factors of 814882308?
2, 3, 347, 195697
What are the prime factors of 47113003?
7, 479, 14051
What are the prime factors of 201565398?
2, 3, 33594233
List the prime factors of 296638164.
2, 3, 1777, 4637
List the prime factors of 340971970.
2, 5, 4993, 6829
What are the prime factors of 271239080?
2, 5, 7, 17, 56983
List the prime factors of 67608644.
2, 31, 545231
List the prime factors of 427797760.
2, 5, 13, 47, 547
What are the prime factors of 23766589?
7, 11, 257, 1201
What are the prime factors of 5192656512?
2, 3, 67, 201829
What are the prime factors of 231232878?
2, 3, 17, 755663
List the prime factors of 6447848.
2, 11, 6661
What are the prime factors of 257434280?
2, 5, 89, 72313
List the prime factors of 69257677.
17, 251, 16231
What are the prime factors of 356947254?
2, 3, 29, 683807
What are the prime factors of 1671115089?
3, 7, 79576909
What are the prime factors of 4932970666?
2, 13, 31, 6120311
List the prime factors of 33941930.
2, 5, 11, 89, 3467
What are the prime factors of 6616625?
5, 43, 1231
What are the prime factors of 603665156?
2, 149, 1012861
List the prime factors of 94901949.
3, 29, 67
List the prime factors of 1659975410.
2, 5, 165997541
What are the prime factors of 26627458?
2, 11, 13, 93103
What are the prime factors of 217627058?
2, 11, 23, 430093
What are the prime factors of 38527709?
11, 3502519
List the prime factors of 40844306.
2, 20422153
What are the prime factors of 3641848348?
2, 910462087
List the prime factors of 27213314.
2, 967, 14071
What are the prime factors of 1856343569?
5399, 343831
What are the prime factors of 1383014415?
3, 5, 92200961
List the prime factors of 117976909.
19, 47, 132113
What are the prime factors of 102229393?
7, 2089, 6991
List the prime factors of 120430612.
2, 41, 109, 6737
What are the prime factors of 5723745002?
2, 42061, 68041
List the prime factors of 31161136.
2, 17, 23, 293
List the prime factors of 1977364998.
2, 3, 7, 19, 293, 2819
List the prime factors of 510116993.
510116993
List the prime factors of 56892185.
5, 7, 73, 3181
What are the prime factors of 3041147095?
5, 7, 271, 320627
List the prime factors of 266353499.
266353499
What are the prime factors of 404741338?
2, 17, 1721, 6917
What are the prime factors of 1255194858?
2, 3, 389, 537787
What are the prime factors of 267086400?
2, 3, 5, 7, 7949
What are the prime factors of 7959126103?
23, 2341, 6427
What are the prime factors of 227653920?
2, 3, 5, 13, 12161
What are the prime factors of 520831235?
5, 104166247
List the prime factors of 184771482.
2, 3, 7, 331, 13291
List the prime factors of 259179647.
233, 1112359
List the prime factors of 2232275596.
2, 558068899
What are the prime factors of 64775720?
2, 5, 683, 2371
What are the prime factors of 231973713?
3, 31, 92383
List the prime factors of 196434166.
2, 31, 102203
List the prime factors of 2993631529.
7, 31, 1970791
List the prime factors of 659333049.
3, 17, 997, 12967
List the prime factors of 4347348.
2, 3, 61, 5939
What are the prime factors of 5448267981?
3, 13, 3511, 4421
List the prime factors of 633303479.
29, 4021, 5431
What are the prime factors of 1723724404?
2, 239, 1803059
List the prime factors of 3560330616.
2, 3, 148347109
List the prime factors of 122945644.
2, 937, 32803
What are the prime factors of 1766565155?
5, 41, 8617391
List the prime factors of 2712782394.
2, 3, 7, 1025239
List the prime factors of 61588682.
2, 1187, 25943
What are the prime factors of 595508118?
2, 3, 37, 43, 62383
What are the prime factors of 1039951655?
5, 79, 2632789
List the prime factors of 317404524.
2, 3, 26450377
List the prime factors of 2825060127.
3, 83, 181, 62683
What are the prime factors of 46440397?
29, 137, 11689
List the prime factors of 263645418.
2, 3, 17, 97, 26647
List the prime factors of 39466843.
13, 17, 107, 1669
What are the prime factors of 716832608?
2, 17, 19, 223, 311
List the prime factors of 350020817.
43, 149, 54631
List the prime factors of 1238226161.
17, 3413, 21341
List the prime factors of 51234543.
3, 41, 43, 3229
List the prime factors of 142044452.
2, 11, 17, 53, 3583
What are the prime factors of 248656685?
5, 1087, 45751
What are the prime factors of 280251113?
23, 41, 297191
What are the prime factors of 3209797370?
2, 5, 13, 17, 131, 11087
What are the prime factors of 2200290308?
2, 23, 3761, 6359
What are the prime factors of 1143194116?
2, 23, 103, 120641
What are the prime factors of 303347836?
2, 11, 6894269
List the prime factors of 5330920635.
3, 5, 433, 10133
What are the prime factors of 4440582454?
2, 7, 11, 19, 37, 41017
What are the prime factors of 27028074?
2, 3, 337, 13367
List the prime factors of 31175295.
3, 5, 19, 109387
What are the prime factors of 626507204?
2, 2269, 69029
List the prime factors of 1106881376.
2, 3121, 11083
List the prime factors of 687106066.
2, 47, 7309639
List the prime factors of 895412931.
3, 7, 23, 1853857
What are the prime factors of 7455253?
13, 573481
What are the prime factors of 5375602?
2, 43, 62507
What are the prime factors of 513897126?
2, 3, 149, 607, 947
What are the prime factors of 27892339?
37, 753847
List the prime factors of 3691327366.
2, 1845663683
List the prime factors of 69912306.
2, 3, 313, 12409
What are the prime factors of 545053753?
29, 18794957
List the prime factors of 159085437.
3, 7, 173, 43789
What are the prime factors of 81298481?
11, 7390771
What are the prime factors of 1590910596?
2, 3, 11, 463, 8677
List the prime factors of 257389665.
3, 5, 13, 23, 57389
What are the prime factors of 128238241?
367, 349423
What are the prime factors of 17378665?
5, 43, 80831
What are the prime factors of 1642442107?
1642442107
What are the prime factors of 18306802?
2, 31, 295271
What are the prime factors of 159875976?
2, 3, 13, 107, 4789
What are the prime factors of 23162336?
2, 723823
What are the prime factors of 110567877?
3, 7, 23, 37, 269
List the prime factors of 140132553.
3, 11, 29, 181, 809
List the prime factors of 2608989.
3, 869663
What are the prime factors of 6689704?
2, 7, 17, 7027
List the prime factors of 289741597.
1867, 155191
List the prime factors of 3385618.
2, 17, 99577
List the prime factors of 97122919.
61, 379, 4201
List the prime factors of 319063964.
2, 8543, 9337
What are the prime factors of 2038311?
3, 11, 6863
What are the prime factors of 2120296112?
2, 11, 12047137
List the prime factors of 17676937.